{"id":60,"date":"2019-07-31T15:56:14","date_gmt":"2019-07-31T13:56:14","guid":{"rendered":"http:\/\/reginadanse.fr\/?page_id=60"},"modified":"2024-06-07T18:09:40","modified_gmt":"2024-06-07T16:09:40","slug":"professeurs","status":"publish","type":"page","link":"https:\/\/reginadanse.fr\/?page_id=60","title":{"rendered":"Nicolas Pouget"},"content":{"rendered":"\n<div class=\"wp-block-columns has-2-columns is-layout-flex wp-container-core-columns-is-layout-1 wp-block-columns-is-layout-flex\">\n<div class=\"wp-block-column is-layout-flow wp-block-column-is-layout-flow\">\n<figure class=\"wp-block-gallery columns-1 is-cropped wp-block-gallery-1 is-layout-flex wp-block-gallery-is-layout-flex\"><ul class=\"blocks-gallery-grid\"><li class=\"blocks-gallery-item\"><figure><img loading=\"lazy\" decoding=\"async\" width=\"417\" height=\"440\" src=\"https:\/\/reginadanse.fr\/wp-content\/uploads\/2019\/10\/IMG-20190626-WA000214605bis-1.jpg\" alt=\"\" data-id=\"136\" data-link=\"https:\/\/reginadanse.fr\/?attachment_id=136\" class=\"wp-image-136\" srcset=\"https:\/\/reginadanse.fr\/wp-content\/uploads\/2019\/10\/IMG-20190626-WA000214605bis-1.jpg 417w, https:\/\/reginadanse.fr\/wp-content\/uploads\/2019\/10\/IMG-20190626-WA000214605bis-1-284x300.jpg 284w\" sizes=\"(max-width: 417px) 100vw, 417px\" \/><\/figure><\/li><\/ul><\/figure>\n\n\n\n<p><span class=\"has-inline-color has-vivid-red-color\"><strong>Nicolas est le professeur du pack Rock\/Salsa portoricaine<\/strong>.<\/span><\/p>\n\n\n\n<ul><li>Comp\u00e9titeur depuis son plus jeune \u00e2ge, en possession de nombreux titres nationaux et internationaux, Nicolas a \u00e9t\u00e9 model\u00e9 par la comp\u00e9tition et la sc\u00e8ne.<\/li><li>Form\u00e9 en danse \u00e0 deux depuis l\u2019\u00e2ge de huit ans, il int\u00e8gre l\u2019\u00e9quipe de France \u00e0 l\u2019\u00e2ge de 14 ans et ne la quittera qu\u2019\u00e0 ses 28 ans pour se d\u00e9dier compl\u00e8tement \u00e0 la sc\u00e8ne et \u00e0 l\u2019enseignement.<\/li><li>Nicolas s\u2019est produit sur toutes les sc\u00e8nes de France (Palais des congr\u00e8s, Bercy, Olympia, Palais des sports, Coubertins ainsi que tous les z\u00e9niths) notamment au sein de compagnies prestigieuses. Il participe \u00e9galement \u00e0 de nombreuses com\u00e9dies musicales aux c\u00f4t\u00e9s des plus grands.<\/li><\/ul>\n<\/div>\n\n\n\n<div class=\"wp-block-column is-layout-flow wp-block-column-is-layout-flow\">\n<ul id=\"block-0088cfda-3beb-46b3-9789-35f86f5b34ae\"><li>Au cours de sa formation Nicolas a beaucoup voyag\u00e9 pour apprendre des anciens champions du monde de sa discipline (Mickael Malitowski, Joanna Leunis, William Pino etc.) qui lui ont permis d\u2019atteindre le haut du Ranking List mondial. Il a \u00e9galement compl\u00e9t\u00e9 sa formation par de la danse classique au conservatoire.<\/li><li>Parall\u00e8lement, il compte plusieurs collaborations avec des cha\u00eenes de t\u00e9l\u00e9 pour du coaching d\u2019acteurs (dancing show, des soucis et des hommes et de nombreuses s\u00e9quences dans\u00e9es sur canal +). Il enseigne aussi lors de stages d\u00e9di\u00e9s aux danseurs professionnels voulant approfondir leurs connaissances.<\/li><li>Nicolas a commenc\u00e9 \u00e0 enseigner \u00e0 l\u2019\u00e2ge de 17 ans, amoureux de la technique, il saura vous faire passer de bons moments dans une ambiance d\u00e9tendue et conviviale.&nbsp;<\/li><li>Nicolas a rejoint Regina Danse, depuis de nombreuses ann\u00e9es. Avec sa belle \u00e9nergie, Nicolas saura vous faire progresser en vous proposant des chor\u00e9graphies originales.<\/li><li>Sa devise&nbsp;: \u00ab&nbsp;La danse c\u2019est comme un \u00ab&nbsp;Bonjour&nbsp;\u00bb et un \u00ab&nbsp;Merci&nbsp;\u00bb \u00e7a ne sert \u00e0 rien\u2026mais c\u2019est indispensable&nbsp;!&nbsp;\u00bb<\/li><\/ul>\n<\/div>\n<\/div>\n\n\n\n<p><\/p>\n","protected":false},"excerpt":{"rendered":"<p class=\"qua-blog-post-description\">Nicolas est le professeur du pack Rock\/Salsa portoricaine. Comp\u00e9titeur depuis son plus jeune \u00e2ge, en possession de nombreux titres nationaux et internationaux, Nicolas a \u00e9t\u00e9 model\u00e9 par la comp\u00e9tition et la sc\u00e8ne. Form\u00e9 en danse \u00e0 deux depuis l\u2019\u00e2ge de huit ans, il int\u00e8gre l\u2019\u00e9quipe de France \u00e0 l\u2019\u00e2ge de 14 ans et ne la [&hellip;]<\/p>\n","protected":false},"author":1,"featured_media":0,"parent":0,"menu_order":0,"comment_status":"closed","ping_status":"closed","template":"","meta":{"footnotes":""},"_links":{"self":[{"href":"https:\/\/reginadanse.fr\/index.php?rest_route=\/wp\/v2\/pages\/60"}],"collection":[{"href":"https:\/\/reginadanse.fr\/index.php?rest_route=\/wp\/v2\/pages"}],"about":[{"href":"https:\/\/reginadanse.fr\/index.php?rest_route=\/wp\/v2\/types\/page"}],"author":[{"embeddable":true,"href":"https:\/\/reginadanse.fr\/index.php?rest_route=\/wp\/v2\/users\/1"}],"replies":[{"embeddable":true,"href":"https:\/\/reginadanse.fr\/index.php?rest_route=%2Fwp%2Fv2%2Fcomments&post=60"}],"version-history":[{"count":26,"href":"https:\/\/reginadanse.fr\/index.php?rest_route=\/wp\/v2\/pages\/60\/revisions"}],"predecessor-version":[{"id":476,"href":"https:\/\/reginadanse.fr\/index.php?rest_route=\/wp\/v2\/pages\/60\/revisions\/476"}],"wp:attachment":[{"href":"https:\/\/reginadanse.fr\/index.php?rest_route=%2Fwp%2Fv2%2Fmedia&parent=60"}],"curies":[{"name":"wp","href":"https:\/\/api.w.org\/{rel}","templated":true}]}}