{"id":53,"date":"2019-07-31T15:47:49","date_gmt":"2019-07-31T13:47:49","guid":{"rendered":"http:\/\/reginadanse.fr\/?page_id=53"},"modified":"2024-06-22T17:33:10","modified_gmt":"2024-06-22T15:33:10","slug":"batchata-chacha-valse","status":"publish","type":"page","link":"https:\/\/reginadanse.fr\/?page_id=53","title":{"rendered":"Salsa cubaine\/Bachata"},"content":{"rendered":"\n<p><span class=\"has-inline-color has-vivid-red-color\"><strong>Les cours de Salsa cubaine\/Bachata sont assur\u00e9s par <a href=\"https:\/\/reginadanse.fr\/?page_id=446\" data-type=\"page\" data-id=\"446\">Pierre-Henri Larcher<\/a>.<\/strong><\/span><\/p>\n\n\n\n<div class=\"wp-block-columns has-2-columns is-layout-flex wp-container-core-columns-is-layout-1 wp-block-columns-is-layout-flex\">\n<div class=\"wp-block-column is-layout-flow wp-block-column-is-layout-flow\">\n<h2 class=\"wp-block-heading has-text-align-center\">Salsa cubaine<\/h2>\n\n\n\n<p>La&nbsp;<strong>salsa de style cubain<\/strong>&nbsp;tient ses origines du casino, popularis\u00e9 par la rueda de casino&nbsp;dans les ann\u00e9es 1960. Des pays comme les \u00c9tats-Unis, Porto Rico, le Venezuela, le Mexique, la Colombie et la R\u00e9publique dominicaine ont aussi contribu\u00e9 au d\u00e9veloppement de la salsa, mais c&rsquo;est \u00e0 Cuba que furent d\u00e9velopp\u00e9es ses bases. Le style cubain vient de la danse&nbsp;casino des ann\u00e9es 1950, telle que pratiqu\u00e9e dans les chor\u00e9graphies du Tropicana, fameux club de La Havane&nbsp;(Cuba), et prend ses racines dans le son cubain&nbsp;: tr\u00e8s afro, \u00ab&nbsp;appui dans le sol&nbsp;\u00bb.<\/p>\n\n\n\n<h2 class=\"wp-block-heading has-text-align-center\">Bachata<\/h2>\n\n\n\n<p><strong>Le genre musical Batchata<\/strong> est n\u00e9 en R\u00e9publique Dominicaine dans les ann\u00e9es 1960. S\u2019il a longtemps \u00e9t\u00e9 d\u00e9daign\u00e9 car associ\u00e9 aux couches sociales les plus d\u00e9favoris\u00e9es, l&rsquo;expansion du tourisme dans les ann\u00e9es 1980 lui a conf\u00e9r\u00e9 une popularit\u00e9 internationale.<\/p>\n\n\n\n<p><strong>La Batchata<\/strong> est une danse sensuelle se dansant sur un rythme bien reconnaissable. Le mouvement est simple&nbsp;: c&rsquo;est une s\u00e9rie de pas qui produit un mouvement d&rsquo;avant en arri\u00e8re, ou d&rsquo;un c\u00f4t\u00e9 \u00e0 l&rsquo;autre. La Batchata est&nbsp;facilement abordable et l\u2019enseignement de <strong>R\u00e9gina Danse<\/strong> permet aux d\u00e9butants de pouvoir la danser d\u00e8s leurs premi\u00e8res soir\u00e9es !&nbsp;Le choix musical durant les cours de <strong>R\u00e9gina Danse<\/strong> vous permet de d\u00e9couvrir les nombreux hits d\u2019autres origines (Pop, disco, vari\u00e9t\u00e9s \u2026) qui ont \u00e9t\u00e9 remix\u00e9s dans ce genre musical.<\/p>\n\n\n\n<figure class=\"wp-block-video\"><video controls src=\"https:\/\/reginadanse.fr\/wp-content\/uploads\/2022\/08\/Batchata-2.mp4\"><\/video><figcaption class=\"wp-element-caption\">Cours de Batchata niveau interm\u00e9diaire \u00e0 R\u00e9gina Danse<\/figcaption><\/figure>\n<\/div>\n<\/div>\n\n\n\n<h2 class=\"wp-block-heading has-text-align-center\"><br>Chacha<\/h2>\n\n\n\n<p><strong>Le genre musical Chacha<\/strong> d\u00e9bute en 1948, lorsque Enrique Jorr\u00edn r\u00e9orchestre un morceau populaire mexicain en combinant deux rythmes cubains&nbsp;: le danz\u00f3n et le montuno. Cette danse se diffusa tr\u00e8s vite du continent am\u00e9ricain vers l&rsquo;Europe en 1954.<\/p>\n\n\n\n<p><strong>R\u00e9gina Danse<\/strong> enseigne une version \u00ab\u00a0dancing\u00a0\u00bb du Chacha, dont le pas de base s&rsquo;effectue sur un carr\u00e9 avec un ensemble de chor\u00e9graphies et de passes entre le danseur et la danseuse qui peuvent \u00eatre tr\u00e8s rapidement r\u00e9alis\u00e9es en soir\u00e9es. Le choix musical durant les cours de <strong>R\u00e9gina Danse<\/strong> vous permet de danser sur des musiques de vari\u00e9t\u00e9 fran\u00e7aise au rythme \u00ab\u00a0cha cha\u00a0\u00bb telles que \u00ab\u00a0Joe Le Taxi\u00a0\u00bb de Vanessa Paradis, \u00ab\u00a0Voyage en Italie\u00a0\u00bb de Lilicub, \u00ab\u00a0Y a qu&rsquo;les filles qui m&rsquo;int\u00e9ressent\u00a0\u00bb de Dany Brillant.<\/p>\n\n\n\n<figure class=\"wp-block-video aligncenter\"><video controls src=\"https:\/\/reginadanse.fr\/wp-content\/uploads\/2022\/07\/Chacha.mp4\"><\/video><figcaption class=\"wp-element-caption\">Cours de Chacha niveau interm\u00e9diaire \u00e0 R\u00e9gina Danse<\/figcaption><\/figure>\n","protected":false},"excerpt":{"rendered":"<p class=\"qua-blog-post-description\">Les cours de Salsa cubaine\/Bachata sont assur\u00e9s par Pierre-Henri Larcher. Salsa cubaine La&nbsp;salsa de style cubain&nbsp;tient ses origines du casino, popularis\u00e9 par la rueda de casino&nbsp;dans les ann\u00e9es 1960. Des pays comme les \u00c9tats-Unis, Porto Rico, le Venezuela, le Mexique, la Colombie et la R\u00e9publique dominicaine ont aussi contribu\u00e9 au d\u00e9veloppement de la salsa, mais [&hellip;]<\/p>\n","protected":false},"author":1,"featured_media":0,"parent":0,"menu_order":0,"comment_status":"closed","ping_status":"closed","template":"","meta":{"footnotes":""},"_links":{"self":[{"href":"https:\/\/reginadanse.fr\/index.php?rest_route=\/wp\/v2\/pages\/53"}],"collection":[{"href":"https:\/\/reginadanse.fr\/index.php?rest_route=\/wp\/v2\/pages"}],"about":[{"href":"https:\/\/reginadanse.fr\/index.php?rest_route=\/wp\/v2\/types\/page"}],"author":[{"embeddable":true,"href":"https:\/\/reginadanse.fr\/index.php?rest_route=\/wp\/v2\/users\/1"}],"replies":[{"embeddable":true,"href":"https:\/\/reginadanse.fr\/index.php?rest_route=%2Fwp%2Fv2%2Fcomments&post=53"}],"version-history":[{"count":36,"href":"https:\/\/reginadanse.fr\/index.php?rest_route=\/wp\/v2\/pages\/53\/revisions"}],"predecessor-version":[{"id":505,"href":"https:\/\/reginadanse.fr\/index.php?rest_route=\/wp\/v2\/pages\/53\/revisions\/505"}],"wp:attachment":[{"href":"https:\/\/reginadanse.fr\/index.php?rest_route=%2Fwp%2Fv2%2Fmedia&parent=53"}],"curies":[{"name":"wp","href":"https:\/\/api.w.org\/{rel}","templated":true}]}}